 by 60?
16
What is the remainder when 6576 is divided by 153?
150
Calculate the remainder when 1907 is divided by 132.
59
What is the remainder when 735 is divided by 378?
357
What is the remainder when 1375 is divided by 118?
77
Calculate the remainder when 893 is divided by 110.
13
Calculate the remainder when 2108 is divided by 64.
60
Calculate the remainder when 88 is divided by 9.
7
What is the remainder when 338 is divided by 15?
8
What is the remainder when 261 is divided by 93?
75
Calculate the remainder when 141 is divided by 45.
6
What is the remainder when 405 is divided by 15?
0
What is the remainder when 196 is divided by 17?
9
What is the remainder when 212 is divided by 76?
60
Calculate the remainder when 1335 is divided by 58.
1
Calculate the remainder when 77 is divided by 22.
11
What is the remainder when 30423 is divided by 22?
19
What is the remainder when 311 is divided by 53?
46
What is the remainder when 151 is divided by 61?
29
What is the remainder when 316 is divided by 23?
17
What is the remainder when 127 is divided by 6?
1
Calculate the remainder when 366 is divided by 63.
51
Calculate the remainder when 1258 is divided by 140.
138
Calculate the remainder when 650 is divided by 31.
30
Calculate the remainder when 157 is divided by 16.
13
Calculate the remainder when 1604 is divided by 134.
130
What is the remainder when 449 is divided by 24?
17
What is the remainder when 76 is divided by 27?
22
What is the remainder when 496 is divided by 39?
28
Calculate the remainder when 1913 is divided by 22.
21
Calculate the remainder when 1269 is divided by 1255.
14
What is the remainder when 892 is divided by 156?
112
Calculate the remainder when 58 is divided by 26.
6
What is the remainder when 4485 is divided by 102?
99
What is the remainder when 1287 is divided by 30?
27
What is the remainder when 140 is divided by 12?
8
What is the remainder when 9361 is divided by 19?
13
Calculate the remainder when 1984 is divided by 77.
59
What is the remainder when 470 is divided by 62?
36
What is the remainder when 2846 is divided by 77?
74
Calculate the remainder when 85 is divided by 46.
39
Calculate the remainder when 835 is divided by 19.
18
What is the remainder when 556 is divided by 40?
36
Calculate the remainder when 412 is divided by 9.
7
What is the remainder when 225 is divided by 101?
23
Calculate the remainder when 847 is divided by 122.
115
Calculate the remainder when 134 is divided by 59.
16
What is the remainder when 1434 is divided by 18?
12
Calculate the remainder when 158 is divided by 134.
24
Calculate the remainder when 648 is divided by 84.
60
What is the remainder when 67 is divided by 38?
29
What is the remainder when 66 is divided by 18?
12
What is the remainder when 352 is divided by 81?
28
Calculate the remainder when 96 is divided by 11.
8
What is the remainder when 3451 is divided by 247?
240
Calculate the remainder when 101 is divided by 30.
11
What is the remainder when 126 is divided by 16?
14
Calculate the remainder when 938 is divided by 190.
178
Calculate the remainder when 1119 is divided by 56.
55
What is the remainder when 292 is divided by 59?
56
What is the remainder when 269 is divided by 25?
19
What is the remainder when 99 is divided by 49?
1
What is the remainder when 163 is divided by 45?
28
What is the remainder when 809 is divided by 30?
29
Calculate the remainder when 208 is divided by 18.
10
What is the remainder when 121 is divided by 61?
60
What is the remainder when 1217 is divided by 61?
58
Calculate the remainder when 177 is divided by 9.
6
What is the remainder when 699 is divided by 78?
75
What is the remainder when 45 is divided by 45?
0
Calculate the remainder when 1446 is divided by 472.
30
What is the remainder when 679 is divided by 22?
19
What is the remainder when 42 is divided by 4?
2
Calculate the remainder when 250 is divided by 42.
40
Calculate the remainder when 208 is divided by 88.
32
What is the remainder when 106 is divided by 27?
25
What is the remainder when 91871 is divided by 66?
65
Calculate the remainder when 15 is divided by 8.
7
Calculate the remainder when 292 is divided by 75.
67
What is the remainder when 199 is divided by 18?
1
What is the remainder when 8541 is divided by 89?
86
Calculate the remainder when 8567 is divided by 11.
9
What is the remainder when 677 is divided by 38?
31
What is the remainder when 142 is divided by 33?
10
What is the remainder when 234 is divided by 33?
3
What is the remainder when 167 is divided by 79?
9
Calculate the remainder when 253 is divided by 213.
40
Calculate the remainder when 205 is divided by 54.
43
Calculate the remainder when 1491 is divided by 357.
63
What is the remainder when 50 is divided by 41?
9
Calculate the remainder when 180 is divided by 162.
18
What is the remainder when 290 is divided by 96?
2
What is the remainder when 73 is divided by 19?
16
Calculate the remainder when 413 is divided by 140.
133
Calculate the remainder when 323 is divided by 65.
63
What is the remainder when 159 is divided by 32?
31
Calculate the remainder when 481 is divided by 27.
22
Calculate the remainder when 778 is divided by 24.
10
Calculate the remainder when 389 is divided by 68.
49
Calculate the remainder when 2975 is divided by 14.
7
Calculate the remainder when 122 is divided by 39.
5
Calculate the remainder when 521 is divided by 9.
8
Calculate the remainder when 139 is divided by 13.
9
Calculate the remainder when 2438 is divided by 111.
107
Calculate the remainder when 878 is divided by 372.
134
What is the remainder when 796 is divided by 133?
131
Calculate the remainder when 387 is divided by 15.
12
What is the remainder when 6696 is divided by 11?
8
What is the remainder when 271 is divided by 40?
31
What is the remainder when 245 is divided by 20?
5
Calculate the remainder when 2104 is divided by 44.
36
What is the remainder when 2018 is divided by 25?
18
What is the remainder when 552 is divided by 14?
6
What is the remainder when 490 is divided by 17?
14
What is the remainder when 207 is divided by 70?
67
Calculate the remainder when 701 is divided by 137.
16
Calculate the remainder when 616 is divided by 221.
174
What is the remainder when 55 is divided by 18?
1
Calculate the remainder when 59 is divided by 16.
11
Calculate the remainder when 1332 is divided by 60.
12
What is the remainder when 123 is divided by 35?
18
Calculate the remainder when 209 is divided by 53.
50
What is the remainder when 114 is divided by 77?
37
What is the remainder when 884 is divided by 56?
44
What is the remainder when 130 is divided by 35?
25
What is the remainder when 89 is divided by 19?
13
What is the remainder when 984 is divided by 47?
44
Calculate the remainder when 710 is divided by 99.
17
What is the remainder when 139 is divided by 14?
13
What is the remainder when 148 is divided by 17?
12
What is the remainder when 87 is divided by 14?
3
Calculate the remainder when 5714 is divided by 1900.
14
Calculate the remainder when 878 is divided by 217.
10
What is the remainder when 26 is divided by 19?
7
What is the remainder when 169 is divided by 29?
24
What is the remainder when 401 is divided by 368?
33
What is the remainder when 446 is divided by 55?
6
What is the remainder when 1919 is divided by 16?
15
What is the remainder when 389 is divided by 99?
92
Calculate the remainder when 599 is divided by 296.
7
What is the remainder when 359 is divided by 94?
77
Calculate the remainder when 98 is divided by 32.
2
Calculate the remainder when 816 is divided by 133.
18
What is the remainder when 852 is divided by 146?
122
What is the remainder when 9 is divided by 7?
2
Calculate the remainder when 203 is divided by 30.
23
What is the remainder when 1986 is divided by 14?
12
Calculate the remainder when 1178 is divided by 10.
8
Calculate the remainder when 302 is divided by 144.
14
What is the remainder when 45 is divided by 13?
6
What is the remainder when 2998 is divided by 125?
123
Calculate the remainder when 15765 is divided by 292.
289
Calculate the remainder when 99 is divided by 46.
7
What is the remainder when 2699 is divided by 14?
11
What is the remainder when 1256 is divided by 63?
59
Calculate the rem